ts digit of i?
3
Let x be (-8)/10*(-4 + -1). Suppose 56 = 2*j + x*y, -2*j = -8*y + 3*y - 11. What is the tens digit of j?
1
Let o(d) = -d - 10. Let l be o(-9). Let p(k) = -8*k**3 + 2*k**2 - k - 2. What is the units digit of p(l)?
9
Let g(r) = -r**3 + 10*r**2 + 5*r - 14. What is the hundreds digit of g(5)?
1
Let c be ((-10)/(-3))/((-2)/24). Let m = c - -60. Suppose 0 = -2*w - 2*w + m. What is the units digit of w?
5
Suppose -4*b + 101 + 59 = 0. What is the units digit of b?
0
Suppose 3350 + 1318 = 12*y. What is the tens digit of y?
8
Let u(m) = -2*m. Let p be u(1). Let x(j) = -2*j + 1. What is the units digit of x(p)?
5
Suppose 0 = 3*z - 2*y - 3*y + 99, -3*y = -3*z - 93. What is the units digit of (-14)/z + 31/2?
6
Let j be (1*-2)/2*3. Let o be 0 + 1 - (j - -2). Suppose 0 = -b - 3, 7 = 3*p + 3*b - o. What is the units digit of p?
6
Let c = 12 - 18. What is the units digit of (-3 - -1)/4*c?
3
Let d be ((-1)/(-2))/(2/12). Suppose 73 = 5*j + 3*i, -5*j + d*i + 71 = 4*i. Suppose -3*u + 7 = -j. What is the units digit of u?
7
Let a = 11 - 5. Suppose -2*x = -4*b + 30, -b = -a*b + 5*x + 50. What is the units digit of (-1)/b - 41/(-5)?
8
Suppose -13 = 3*h - 1. Let k = -3 - h. What is the units digit of k?
1
Suppose 5*q - 295 = -5*b, 5*q - 70 - 107 = -3*b. What is the tens digit of b?
5
Let o(q) = q**2 + 9*q - 18. What is the units digit of o(-17)?
8
Let k(m) = 2*m + 5. Let q be k(-5). What is the tens digit of (q/(-3))/((-3)/(-45))?
2
Suppose -2*l + 41 + 43 = 0. Let z be l/1*(1 + -2). What is the units digit of -1*1 - z/6?
6
What is the tens digit of (5 - 6)/((-1)/292)?
9
Let v(b) = b + 9. Let t be v(-11). Let p = 2 + t. Suppose -3*n = -5*y - 46, -2*n - 3*y + p = 1. What is the units digit of n?
7
Let x(z) be the second derivative of z**4/12 + 16*z**2 + 6*z. What is the units digit of x(0)?
2
Let z = 34 - 28. What is the units digit of z?
6
Let c be 1/(-1)*0/(-4). Suppose -q + 2*q = c. Suppose -2*o + 8 + 14 = q. What is the tens digit of o?
1
Let d(w) = w + 11. Let u be d(-8). Let j(g) = g**3 - g**2 + g + 30. Let i be j(0). Suppose u*f + 6 = i. What is the units digit of f?
8
Suppose -6*d + d + 3*p = 4, 5*p - 16 = -d. What is the units digit of (-2 - d) + (0 - -12)?
9
Let a(k) be the second derivative of -2*k - 1/12*k**4 + 0*k**2 + 0 - 4/3*k**3. What is the units digit of a(-7)?
7
What is the tens digit of (-8)/((-466)/(-94) + -5)?
8
Let v be (-1)/(1 + 8/(-10)). What is the units digit of ((-24)/(-5))/((-1)/v)?
4
Suppose -5*k = -0*k + f - 2044, 0 = 2*k - 3*f - 804. What is the tens digit of k?
0
Suppose 17*m - 10*m - 777 = 0. What is the units digit of m?
1
Let w(f) = -11*f - 98. What is the tens digit of w(-30)?
3
Suppose o - 2*o - 3*u = -349, o - 355 = -5*u. What is the tens digit of o?
4
Let s(l) = l**3 - 6*l**2 + 7*l - 7. Let p(o) = o**3 - 12*o**2 + o - 7. Let n be p(12). What is the units digit of s(n)?
3
Suppose 0 = -5*z + 167 + 93. What is the tens digit of z?
5
Suppose -1770 + 42 = -6*w. What is the tens digit of w?
8
Let l(g) = g - 2. Let t be l(5). Suppose t*z - z - 10 = 0. What is the units digit of z?
5
Suppose 190 + 92 = 2*x. Let f = x - 88. What is the units digit of f?
3
Suppose 3*y - 4*l - 66 = 0, 0 = 5*y + 4*l - 135 + 25. Let r be -3 + 1 - (-8)/2. Suppose 0*i + y = r*i. What is the units digit of i?
1
Let n = 1 - -4. Suppose n*s - 3*s = 36. What is the tens digit of s?
1
What is the tens digit of 6/(1 + 76/(-88))?
4
Let b(d) be the second derivative of -2*d**3/3 + 3*d**2 + 2*d. Let u be b(5). Let h = u - -21. What is the units digit of h?
7
Let l(a) = 7*a - 3. What is the tens digit of l(8)?
5
Let i be (3/(-1))/3 - -4. Suppose 2*v = i*t + 23, 0 = -v - 0*v - t - 1. Suppose -v*k - 10 = -9*k. What is the units digit of k?
2
Suppose 2*x + 24 = 3*x. Suppose -86 = -5*d + x. Suppose 0 = -y - 2 + d. What is the tens digit of y?
2
Let b(r) = -r**3 + 12*r**2 - 10*r - 9. Let v be b(11). Suppose v*u = 5*n - 128, -5*n - 3*u + 151 = 18. What is the tens digit of n?
2
Let x = -247 - -533. What is the tens digit of x?
8
Let x be (5 + 1)*5/15. Let h(s) = 2*s**2 + 1 - s**2 + 9*s - x + 2. What is the tens digit of h(-10)?
1
Suppose -2*k = -6*k + 36. What is the units digit of k?
9
Let o be 3/3*1/1. Let i(x) = 36*x - 1. Let m be i(o). Suppose 3*s + m = 8*s. What is the units digit of s?
7
Suppose -8 = g - 4. Let v(z) = z**3 + 6*z**2 + 5*z + 4. What is the tens digit of v(g)?
1
Let y be -1 + 6 + -1 + 0. Suppose y*h = -h + 5. Suppose 0 = u - 0 - h. What is the units digit of u?
1
Suppose 5*c = 3*k - 835, -5*c - 127 - 433 = -2*k. What is the units digit of k?
5
Let c(q) = q**2 - 4*q + 2. Let z be c(4). Let i(j) = 2*j**2 - 3*j + 3. What is the units digit of i(z)?
5
Let h(q) = q**3 + 4*q**2 + 3*q. Suppose -5*u - 17 = -7. Let b be h(u). Suppose -2*n + 12 = b. What is the units digit of n?
5
Suppose 0 - 6 = 2*l, 0 = -4*w - 5*l - 399. Let f = -41 - w. What is the units digit of f?
5
Let u(w) = -6*w - 1. Let f be u(-1). Suppose 2*m + 63 = f*m. What is the units digit of m?
1
Suppose 2*i = -3*p + 11, 5*i - 3*p - 11 - 6 = 0. Let t(n) = -n**3 + 10*n**2 - 7*n - 11. Let a be t(9). Suppose -i*j = -a*j + 12. What is the units digit of j?
4
What is the tens digit of 11/(-33) + 1622/6?
7
Let o(j) = -j**2 + 17*j + 37. What is the tens digit of o(18)?
1
Suppose 7*c + 39 = 10*c. What is the units digit of c?
3
Let z be (-8)/(-12) - 650/(-6). Let a = -77 + z. Suppose 4*u = q - 8, -4*q - 2*u = -3*u - a. What is the units digit of q?
8
Suppose 0 = 3*x - 4*u - 30, -5*u + 9 = 3*x - 21. What is the units digit of x?
0
Suppose 0 = 3*f - 29 - 7. What is the tens digit of f?
1
Let a be 2 + -12 - (0 - -2). Let n be 16/a + (-2)/3. Let o = n - -6. What is the units digit of o?
4
Let t(m) = 5*m + 10. Let b(o) = 4*o + 9. Let k(u) = 4*b(u) - 3*t(u). What is the units digit of k(-3)?
3
Let b(i) = 2*i**2 - 9*i - 24. What is the units digit of b(10)?
6
Let h(k) = 2*k**2 - 5*k + 4. Suppose 4*c - 3 = 3*c. What is the units digit of h(c)?
7
Let u(a) = 1 + 2*a**2 - 2*a**2 + 2*a**2. What is the units digit of u(-2)?
9
Let x(m) = 32*m - 1. Let g be x(1). Let o = g - 18. What is the tens digit of o?
1
Let y(f) = f**2 - 11*f + 8. Let i(p) = p**2 - 6*p + 4. Let r(u) = 5*i(u) - 3*y(u). What is the units digit of r(2)?
0
Let o = 46 - 28. What is the tens digit of o?
1
Let q(s) = 63*s**2 - 3*s + 3. What is the tens digit of q(1)?
6
Suppose -3 - 3 = 3*f. Let o(z) = -2*z**2 - 9*z - 6. Let b(j) = -3*j**2 - 14*j - 9. Let p(y) = 5*b(y) - 8*o(y). What is the units digit of p(f)?
3
Suppose -12 = -b + 3*b. Let v be -3*(-2 + (-4)/b). Suppose x + v*t = 25, 3*x - 2 = 4*t - 7. What is the units digit of x?
5
Let k be 24/(-6)*1/(-2). Suppose -4*i = -q - 68, -4*q + 32 = 5*i - k*i. What is the units digit of (i/(-20))/((-2)/5)?
2
Let c = -1 + 4. Let o be (9/c - -1)/(-1). What is the units digit of o/(-2) + (-42)/(-6)?
9
Let j = -1 + 0. Let n = j + -1. What is the units digit of 5 - (0 - -1)*n?
7
Suppose -5*q = -244 - 196. What is the tens digit of q?
8
Let u be 3 + -3 + (-1 - -5). Let o(i) be the third derivative of i**5/60 - i**4/12 - i**3/6 - i**2. What is the units digit of o(u)?
7
Let c be (-1)/(3/(-12)) + -2. Let m be c/(-3 + 2)*-2. Let a = m + 3. What is the units digit of a?
7
Let w be -2 + 4 + (2 - 2). Suppose 3*g - w = 2*g. Suppose g = -4*z + 14. What is the units digit of z?
3
Suppose 0 = -5*g - 2*g + 140. What is the tens digit of g?
2
Suppose 80 + 4 = 2*w. Suppose -3*r = -r - w. What is the tens digit of r?
2
Let z(c) = c**3 - 4*c**2 - 10*c + 6. What is the units digit of z(7)?
3
Let j(y) = -2*y**2 + 11*y. Let w be j(8). Let o be ((-6)/(-15))/(2/w). Let c = o - -22. What is the tens digit of c?
1
Let u(v) = 16*v + 30. What is the hundreds digit of u(10)?
1
What is the units digit of 8*42/72*(-1 + 58)?
6
Let q be (-4)/3 - 57/(-9). Suppose q*f + 4 + 1 = 0, s + f = 5. What is the units digit of s?
6
Let m(b) = 4*b**2 - 7*b - 15. What is the tens digit of m(-3)?
4
Let m = 20 - 9. Suppose -4*c + m + 17 = 0. What is the units digit of 1 + c - (-1 - -3)?
6
Let g be (1/(-2))/(1/2). Let s be (-1 + 2 + 0)/g. What is the units digit of (-2)/4*(s + -1)?
1
Suppose -3*t + 5*u + 3 = -23, -5*t + 4*u = -26. Suppose -t*s + 48 = -0*s. What is the tens digit of s?
2
What is the tens digit of 0 + -1 + -2 + 308?
0
Let x(y) =